f -o**5/20 + 2*o**4 - 17*o**3/6 + 107*o**2/2 + o + 14. What are the prime factors of v(21)?
29, 37
Let q(i) be the third derivative of -5*i**4/8 + 5*i**3/2 - 25*i**2 + 3. What are the prime factors of q(-14)?
3, 5
Let d(f) = 83*f**2 + 23*f - 248. List the prime factors of d(9).
2, 13, 257
What are the prime factors of 78050/21*((-88)/(-30) - 16/(-24))?
2, 3, 5, 223
Let o(c) = c**3 + 65*c**2 + 39*c + 89. What are the prime factors of o(-25)?
2, 3, 4019
Let q = 5 - -12. Let v(f) = f**3 + 17*f**2 - 19*f - 31. Let i be v(-18). Let u = q + i. List the prime factors of u.
2
Let i(j) = -68*j**3 - j**2 + 8*j - 4. Let w be i(2). Let x = 792 + w. List the prime factors of x.
2
List the prime factors of 7436 + 6/((-24)/44).
3, 5, 11
Suppose -41*a + 11*a = 25*a - 470250. List the prime factors of a.
2, 3, 5, 19
Let p be 4 + -1 + -5 + 4. Suppose t - p*i = -6, -2*i - i + 7 = -2*t. Suppose 4*q = -16, 2*j + 6*q - q = -t. What are the prime factors of j?
2
Let b = -13402 - -38655. List the prime factors of b.
25253
Suppose -20 = 4*d - 4*l, 14 = -2*d + 4*l - 0*l. Let v(a) = -12*a**3 - 2*a**2 + 2*a. Let q be v(d). Suppose -9*c + 1956 = q. What are the prime factors of c?
2, 23
Suppose 133048 = 21*g + 46*g - 209121. What are the prime factors of g?
5107
Suppose 12*h - 21*h = -10*h + 13187. What are the prime factors of h?
13187
Let h(t) = 16*t**2 + 20*t + 85. Suppose 56 + 4 = -10*s. List the prime factors of h(s).
541
Suppose 16 = -2*y + 52. Suppose -10 = 4*c - 2*c, 5*c = -v - y. Suppose -3*o = 12, 6*a - v*a = 3*o - 114. List the prime factors of a.
2, 3, 7
What are the prime factors of ((-5860)/6)/(-1)*(-11)/77*-21?
2, 5, 293
Suppose -102*s = -4*r - 103*s + 147772, 3*r - 3*s - 110844 = 0. What are the prime factors of r?
2, 2309
Let n = -257 + 201. Suppose -5*y = 380 + 115. Let r = n - y. List the prime factors of r.
43
Suppose 3*d = -3*a - 12, -d = 4*a + 5 + 2. List the prime factors of -7 - (4205/(-5) - a).
7, 17
Let s(i) = -i**2 - 6*i - 1. Let g be s(-5). Suppose -5*b + 10*f = 5*f - 2560, 2066 = g*b + 5*f. List the prime factors of b.
2, 257
Suppose 13*d - 841 - 4723 = 0. Let f(g) = -g**3 - 2*g**2 + g - 253. Let w be f(0). Let t = d + w. List the prime factors of t.
5, 7
Let a(z) = -z**3 - 6*z**2 - 5*z + 12. Let q be a(-4). Suppose q = -p + 12*p - 4609. What are the prime factors of p?
419
Let v = -404 - -409. Suppose 4*i + v*d = 1148 + 2824, 4*d = 0. What are the prime factors of i?
3, 331
What are the prime factors of (-944)/(-354) + (-310440)/(-9)?
2, 7, 11
List the prime factors of (-156696)/(-18)*(-1 - -7)/(-23 - -27).
2, 6529
Suppose 8*i = 17*i - 3573. Suppose -1140 = -3*u - 2*v, 3*v + i = u - 2*v. What are the prime factors of u?
2, 191
Suppose 4*l + 463 - 587 = -2*n, -4*n + 222 = -5*l. Let b = -1 - -1. Suppose 3*x + 0*u = u + 36, b = 4*x + 2*u - n. List the prime factors of x.
13
Suppose 0 = 29*v - 36*v - 3227. Let l = -307 - v. List the prime factors of l.
2, 7, 11
Let y be (68/(-85))/(-2*3/20085). Suppose -11*n - y = -24*n. What are the prime factors of n?
2, 103
Suppose -7*l = -11*l - 3*y + 190, -202 = -4*l + 3*y. Suppose 0 = u, 141 + l = w - u. List the prime factors of w.
2, 5, 19
Let i(s) = 381*s**2 + 118*s - 567. List the prime factors of i(5).
2, 7, 11, 31
Suppose 3*f - 33 = -21. Suppose 5*n + 3*r = f*r + 1831, 2*n - 5*r = 714. What are the prime factors of n?
367
Suppose 2*f - 58183 - 8815 = 0. List the prime factors of f.
139, 241
Let s(v) = v**3 + 4*v**2 + 37*v - 6. Let u be s(-7). Let j = -344 - u. What are the prime factors of j?
2, 17
Let j = 1287 - -9678. List the prime factors of j.
3, 5, 17, 43
Let w(i) = -228*i**2 - 8*i - 1. Let j(q) = -151*q**2 - 6*q - 1. Let t(v) = 7*j(v) - 5*w(v). What are the prime factors of t(2)?
2, 163
Suppose 531 = -15*x + 14*x. Let z = x - -1006. Suppose 0 = -3*v + 5*f + 245, 4*f = -5*v - f + z. List the prime factors of v.
2, 3, 5
Let x be 30/(-4)*(4 - 78/15). Suppose n + x = 5. What are the prime factors of 249 - (-3)/12*n?
2, 31
Let h(k) = -5*k**3 - 9*k**2 + 4*k**3 + 0 + 15*k + 0 - 1. Let m = -5 - 6. What are the prime factors of h(m)?
2, 19
Let k = 536 - 1232. Let w = 1087 + k. List the prime factors of w.
17, 23
Suppose -2*x + 318 = -138. Suppose c - 5*s + x = 725, -c + 4*s + 498 = 0. What are the prime factors of c?
2, 251
Suppose 9621255 = 73*a + 79*a - 47*a. What are the prime factors of a?
91631
Suppose 4*b = 3*f - 20793, 2*f - 2*b = 2*b + 13858. List the prime factors of f.
5, 19, 73
Let q(z) = 2*z - 1435 + 46*z + 51*z + 1433. Let p = 0 + 1. List the prime factors of q(p).
97
Suppose -83*p = -38*p - 47*p + 15396. What are the prime factors of p?
2, 3, 1283
Suppose -5*r - 7138 = -o + 7424, 4*o - 2*r = 58176. What are the prime factors of o?
2, 11, 661
Let y = -18791 - -61548. What are the prime factors of y?
11, 13, 23
Let p(a) = 627*a**2 - 6*a + 8. What are the prime factors of p(4)?
2, 313
Let f = -9 - -26. Suppose -7*y + 45 = f. Suppose 169 = y*i - 215. List the prime factors of i.
2, 3
Let b(j) = 38*j**2 - 21*j - 798. List the prime factors of b(24).
2, 3, 47, 73
Let c be (6715/158)/((-3)/(-30)). Let g be (-2 + 0/(-2))*150. Let y = c + g. List the prime factors of y.
5
List the prime factors of (2280/(-133))/(2/4)*-140.
2, 3, 5
Let c(q) = 43 + 101 - 14*q - 159. Suppose -u = -n + 9, 2*u + 9*n - 4*n = 17. What are the prime factors of c(u)?
41
Let h be ((-6)/(-9))/(8/(-120)). Let l = -5 - h. Suppose l*w - 35 = 30. What are the prime factors of w?
13
List the prime factors of -643*(1/7 - (-10044)/(-434)).
23, 643
Suppose 12*g - 6448 = 2*g + 27612. List the prime factors of g.
2, 13, 131
Let v(d) = 213*d**2 - 7*d - 5. Let n be v(-3). Suppose -5*m + k = -n, 3*k = -4*m + 7*k + 1556. List the prime factors of m.
2, 193
List the prime factors of 78*(28/(112/3) + (-923)/(-12)).
2, 13, 233
Suppose -2*l - 158 = 5*v, -127 = v + 3*v + l. Let n = v - -34. Suppose 3*g + 76 = h + n*g, -5*h - 2*g = -373. What are the prime factors of h?
3, 5
Let r(h) = 2*h**2 - 9*h - 29. Let j be r(7). Suppose 3362 = j*b - 2188. What are the prime factors of b?
5, 37
Suppose -25 = -5*m + 4*z, 3*z - 5 = 51*m - 52*m. Suppose -m*f - 822 = -4917. What are the prime factors of f?
3, 7, 13
Let o = 573 - 693. What are the prime factors of (102/5)/((-18)/o)?
2, 17
Suppose -3*z + 6 = 5*o + 202, 117 = -3*o - 2*z. Suppose 5*k - k = -5*m + 403, m - 100 = -k. Let q = k + o. What are the prime factors of q?
2, 7
Let p = -282 + 284. Suppose 2*o + p*o = -4*a + 2600, 0 = a + 5*o - 662. List the prime factors of a.
647
Let d = 19622 - 5532. List the prime factors of d.
2, 5, 1409
Let p = 97 - -688. Suppose -193 = -2*l + p. What are the prime factors of l?
3, 163
Suppose -20*o + 20011 = -59449. List the prime factors of o.
29, 137
List the prime factors of (38 - 8) + -16 - -3376.
2, 3, 5, 113
Let z be (-2)/(10/175)*-37. Let x = 1995 - z. What are the prime factors of x?
2, 5, 7
List the prime factors of (-49710)/(-13) - (-468)/3042.
2, 239
Let l(o) be the first derivative of -3*o**2/2 + 7*o - 1. Let b be l(1). Suppose -5*y - 193 = -g, 824 = b*g - y + 128. What are the prime factors of g?
173
Suppose 3*m + 1497 = 6*m - 4*o, m - 489 = -2*o. Let d = -53 + m. Suppose 10*y = -3*y + d. What are the prime factors of y?
2, 17
Let n = 196 + -234. Let j = 263 + n. What are the prime factors of j?
3, 5
Let l(q) = 36*q**2 - 144. What are the prime factors of l(-12)?
2, 3, 5, 7
Suppose 148248 - 45863 = 5*i. List the prime factors of i.
20477
Let t(m) = -3*m**3 - 66*m**2 + 60*m + 282. List the prime factors of t(-39).
3, 25171
List the prime factors of (-18)/(-63) + 153872/56.
2, 3, 229
Let w(o) = -413*o**3 + 2*o**2 + 6*o - 1. What are the prime factors of w(-2)?
3299
Let l(w) = 9*w**2 - 30*w + 46. Let m be l(22). List the prime factors of 2*(m/60 - 2/(-15)).
5
Let l = 189 - 39. Let h = l - 122. Suppose 0 = h*v - 25*v - 618. What are the prime factors of v?
2, 103
Suppose 0 = 3*d + 5*t + 248 + 173, 5*d + 693 = -4*t. Let j = d + 193. What are the prime factors of j?
2, 7
Suppose 41*v + 64 = 45*v. Suppose v*f = 40*f - 28224. List the prime factors of f.
2, 3, 7
Let y(g) = 3*g + 13. Let d(m) = -2*m - 2. Let p be d(0). Let o(c) = 9*c + 40. Let k(b) = p*o(b) + 7*y(b). What are the prime factors of k(13)?
2, 5
Suppose -5*u + 3*u = -48. Suppose -u = -x + 51. Supp